- 4. What are the prime factors of p?
5
Suppose -5*j = -12*j + 252. What are the prime factors of j?
2, 3
Let k be (-4 - -5)*0/(-2). Suppose k = 4*v - 2*z - 34, v + z + 31 = 5*v. Suppose 4*b - 3 = -2*l + 11, -l = -b - v. List the prime factors of l.
7
Let l = 3 + 0. What are the prime factors of (-4)/12 - (-118)/l?
3, 13
Suppose 3*w + 3 = 45. Let z(s) = s**2 + 2. Let b be z(0). Let n = w - b. List the prime factors of n.
2, 3
Suppose 4*v - 10 = -v. Let q(y) = 12*y - 2. Let j be q(v). Let l = -12 + j. What are the prime factors of l?
2, 5
Suppose -5*g + 465 = -135. Suppose g = 4*a + 2*x + 38, -x - 35 = -2*a. What are the prime factors of a?
19
Let l = 13 + 26. What are the prime factors of l?
3, 13
Suppose -2*v + 272 = -2*g + 3*g, 3*v = 4*g + 386. What are the prime factors of v?
2, 67
Let d = 11 - 7. Suppose -16 - 4 = -3*s - d*v, 3*v = -2*s + 14. Suppose n - 3*n = 2*m - 2, s = -2*n - 4*m. List the prime factors of n.
2
Let z(f) = 60*f + 5. List the prime factors of z(2).
5
Let b(l) = l - 1. Let i be b(-3). Let u be 3 + (-1 - (i - -1)). Suppose s - 26 = -4*o + 9, -3*o - u*s + 39 = 0. List the prime factors of o.
2
What are the prime factors of (-3962)/(-49) + 2/14?
3
Suppose 4*g - 23 = -t - 0*g, t - 24 = -5*g. List the prime factors of t.
19
Let u = 233 + 86. Suppose 79 - u = -5*w. Suppose 0 = 3*a - 2*p + 8 - w, 4*a = -4*p + 20. What are the prime factors of a?
2, 5
Let q(c) = 10*c**2 + 10*c - 8*c - 2 + 0*c. List the prime factors of q(2).
2, 3, 7
Suppose x + 16 = 2*x. Let o = 35 - x. List the prime factors of o.
19
Suppose 7*c = 4*c + 6. Suppose -c*i - 9 = -3*i. What are the prime factors of i?
3
Let t(o) = -o**2 - 6*o - 2. Let q be t(-5). What are the prime factors of ((q - 2)*44)/2?
2, 11
Let c = 10 + -6. Suppose 2*s + o = 5*s + 7, 0 = -c*s - o. What are the prime factors of 8/(2 + -1) - s?
3
Let z = 15 + -5. List the prime factors of z.
2, 5
Let i = 14 + -2. List the prime factors of i.
2, 3
List the prime factors of (-6)/15 - 308/(-20).
3, 5
Suppose -8*w = -10*w + 184. List the prime factors of w.
2, 23
Let i = -15 + 13. Let d(f) = -4*f**2 - 10*f - 2. Let u(j) = -8*j**2 - 21*j - 4. Let p(h) = -13*d(h) + 6*u(h). List the prime factors of p(i).
2, 5
Let w be 6/(-3)*19/(-2). Suppose 0 = 5*y - w - 26. What are the prime factors of y?
3
Suppose 5*s - 5*r + 0*r = 0, -3*r + 9 = 0. Suppose s*y = 0, 3*y = 2*i + 8*y. Suppose -b + 2 = -i*b. What are the prime factors of b?
2
List the prime factors of 6*(3 + -2) + -9 + 11.
2
Suppose 0 = -2*f + 4*f - 24. What are the prime factors of f?
2, 3
Suppose 2*p - 4 = -2*p. Let s = p + 1. Suppose o - 2*o = 3*x - 9, -s*x = -5*o + 45. List the prime factors of o.
3
Let n(m) = -m**2 - 5*m + 3. Let d be n(-5). Suppose d*o - 7*o + 4*y = -88, -2*y - 8 = 0. Suppose -2*z + o = 4. What are the prime factors of z?
7
Let a be (-3)/(3/(-2)*-1). Let p(o) = -o - 1. Let b(t) = -t - 8. Let d(h) = -b(h) + 6*p(h). What are the prime factors of d(a)?
2, 3
Let k(c) = -2*c - 2*c**2 + c - c**3 + 3 + 2*c. Let o(g) = g**2 - 6*g + 5. Let i be o(4). What are the prime factors of k(i)?
3
Let m be 1/(-2) + 2/4. Suppose 5*l + 264 = -3*q, -2*l + l = m. What are the prime factors of q/(-20) - (-2)/(-5)?
2
Let v(g) = -g + 33. Let k = -1 + 1. What are the prime factors of v(k)?
3, 11
Let z(v) = -2*v - 2. Let f be z(-5). Suppose -f = -6*l + 5*l. List the prime factors of l.
2
Suppose 4*w - 1 = 5*j + 5, -2*w = 2. Let g(k) = k**3 - k**2 - k - 10. Let i be g(0). List the prime factors of (28/10)/(j/i).
2, 7
List the prime factors of (-930)/25*(-20)/3.
2, 31
Let i(w) = -11*w. Let q(k) = -5*k. Let b(h) = 4*i(h) - 9*q(h). List the prime factors of b(4).
2
Suppose -4*o + 3*z = -65, -o - 2*z + 3*z + 15 = 0. Let k = -4 + o. What are the prime factors of 2/(k/6 + -2)?
3
Let u(j) be the third derivative of -j**6/120 + j**5/10 - j**4/8 - 2*j**3/3 + j**2. Suppose b + m = 3 + 3, b - 5*m = 0. List the prime factors of u(b).
2, 3
Suppose -6*c = -11*c + 180. What are the prime factors of c?
2, 3
Let z be 5/15 - 11/(-3). Suppose f + 13 = 4*j - 6, -z*f = -4. Suppose 0*l = -j*l + 55. What are the prime factors of l?
11
Suppose 236 = 3*s + s. List the prime factors of s.
59
Let f be (-35)/(-3) - (-4)/(-6). Suppose 2*r - 6*r = 4*w - 4, -r = 3*w - f. List the prime factors of (-1 - 2)/((-3)/w).
5
Let u(c) = -c**3 - 2*c**2 + 8*c + 8. List the prime factors of u(-6).
2, 13
Suppose 0 = 4*h - 4*u + 3*u - 413, 4*h - 3*u - 423 = 0. List the prime factors of h.
2, 3, 17
List the prime factors of (1204/(-84))/(2/(-30)).
5, 43
Let z(p) = -p**3 + 10*p**2 + 3. Let a be z(10). Suppose 0*x + 21 = a*x. List the prime factors of x.
7
Let p = 14 - -33. What are the prime factors of p?
47
Suppose 2*f + 3*n = -33, -f + 2*n - 3*n - 14 = 0. Let s be (-727)/f + (-4)/(-18). Suppose -3*p - 6 = g, -26 = 5*g - 2*p - s. What are the prime factors of g?
3
Suppose -4*w = -4*b + 528, 6 = -3*w + w. List the prime factors of (-4)/(-10) - b/(-15).
3
Let c(l) = 3*l**3 - l**2 + 2*l + 3. List the prime factors of c(3).
3
Let i = 398 + -243. What are the prime factors of i?
5, 31
Let f(u) = 3*u - 9. Suppose -i + 16 = -0. Let s be i/(-3)*3/(-2). What are the prime factors of f(s)?
3, 5
List the prime factors of (-3 - 0) + (5 - (-8 + 0)).
2, 5
Let a = -47 - -29. Let k = a + 33. List the prime factors of k.
3, 5
Let w(p) = p**2 - p + 2. Let t be w(0). Suppose -5 = -8*i + 3. List the prime factors of t/2 - i*-1.
2
Suppose 0 = -3*t - t - 12. Suppose 3*q - 12 = -5*j + q, 5 = 5*q. What are the prime factors of -2 + 2 + (j - t)?
5
Let r be 1 - -2 - 0/10. Let l(v) = -v + 32. Let x be l(0). Suppose -r*o = -x - 28. List the prime factors of o.
2, 5
Suppose -2*o + 5*o = 9. List the prime factors of o.
3
Let w(h) = -h - 3. Let a be w(-6). Let z(u) = 1 + 6*u - 6 + 0*u**2 + 2 - u**2. List the prime factors of z(a).
2, 3
Let p(m) be the third derivative of m**5/60 - m**4/24 - m**3/3 - 4*m**2. List the prime factors of p(-3).
2, 5
Let b(v) = -13*v + 7. Let y be b(-3). Let s = -33 + y. List the prime factors of s.
13
Let t = 72 + 2. What are the prime factors of t?
2, 37
Suppose 0 = 5*t - t - 3*x + 10, -5*t + 5*x = 15. List the prime factors of 2/3*(55 + t).
2, 3
Let c = 11 + -15. What are the prime factors of c/(-8)*-2 + 3?
2
Let z be (56/(-5) + 2)*-5. Suppose 0*y = 2*y - z. Let s = -16 + y. What are the prime factors of s?
7
Let x = 83 - 35. List the prime factors of x.
2, 3
Let w = -6 + 6. Suppose 4*j - j = -q + 1, 0 = 4*j - 5*q - 33. Suppose -d + j + 9 = w. What are the prime factors of d?
11
Let p(s) = 16*s - 2. Let a(n) = -n. Let f(u) = 28*a(u) + 2*p(u). What are the prime factors of f(3)?
2
Let m = 18 + 23. Suppose -4*g + 8*n - 3*n + m = 0, -g + 3*n = -5. What are the prime factors of g?
2, 7
Suppose 6 = v + 4*k, 3*v - 2*k = v + 42. Let u = v + -6. List the prime factors of u.
2, 3
Let l(g) be the first derivative of -21*g**4/4 + 3. What are the prime factors of l(-1)?
3, 7
Suppose 19*j + 156 = 22*j. List the prime factors of j.
2, 13
Let m(o) = 5*o + 55. List the prime factors of m(19).
2, 3, 5
Suppose -131 - 205 = 4*k. Let h = k + 133. What are the prime factors of h?
7
Let i be (-94)/(-8) - (-2)/8. Suppose 3*p + 0*q - 2*q = -4, -i = -p - 2*q. List the prime factors of p.
2
Let d(j) = 63*j**2 - j - 1. List the prime factors of d(1).
61
Let q = -50 + 106. What are the prime factors of q/6 + (-3)/9?
3
Let b(j) = 277*j - 3. What are the prime factors of b(1)?
2, 137
Let v be 2/(-6)*-4*-3. Let b = 6 + 6. Let m = v + b. List the prime factors of m.
2
Let u(i) = i**2 + 3*i - 5. Let a be 3 + -2 + -3 + -2. Let p be u(a). Let r(k) = -19*k**3 + 2*k + 1. What are the prime factors of r(p)?
2, 3
Let j(x) be the second derivative of -2*x**2 + 3*x - 1/20*x**5 - 1/3*x**3 - 1/3*x**4 + 0. What are the prime factors of j(-4)?
2
Let h = 3 + 0. Suppose 2*g = 2*t - 4*t + 4, h*g = -2*t + 6. Suppose 5*l = 2*f + 28, l + f + g*f = 9. List the prime factors of l.
2, 3
Let r = 25 + -38. Let i = 7 - r. What are the prime factors of i?
2, 5
Let x(q) = -q**3 + 6*q**2 + 7*q + 9. Let b = 15 - 8. What are the prime factors of x(b)?
3
Suppose c + 0*c = -2*a - 70, 0 = 3*c + 3*a + 201. Let m = -37 - c. Suppose 24 = -2*g + 3*g - 3*z, -g = -4*z - m. What are the prime factors of g?
3, 5
Let z = 130 - 70. List the prime factors of z.
2, 3, 5
Su